{"id":2774,"date":"2025-12-09T19:53:37","date_gmt":"2025-12-09T18:53:37","guid":{"rendered":"https:\/\/arrozencaja.com\/tiendas\/colmenar\/?post_type=product&#038;p=2774"},"modified":"2025-12-09T20:22:05","modified_gmt":"2025-12-09T19:22:05","slug":"empanada-de-champinon-con-bacon-y-queso","status":"publish","type":"product","link":"https:\/\/arrozencaja.com\/tiendas\/colmenar\/product\/empanada-de-champinon-con-bacon-y-queso\/","title":{"rendered":"Empanada de champi\u00f1\u00f3n con bacon y queso"},"content":{"rendered":"","protected":false},"excerpt":{"rendered":"<p>Champi\u00f1ones frescos, bacon ahumado, cebolla y mozzarella fresca<\/p>\n","protected":false},"featured_media":2775,"template":"","meta":[],"product_brand":[],"product_cat":[100],"product_tag":[],"class_list":{"0":"post-2774","1":"product","2":"type-product","3":"status-publish","4":"has-post-thumbnail","6":"product_cat-empanadas-argentinas","8":"first","9":"instock","10":"taxable","11":"shipping-taxable","12":"purchasable","13":"product-type-simple"},"_links":{"self":[{"href":"https:\/\/arrozencaja.com\/tiendas\/colmenar\/wp-json\/wp\/v2\/product\/2774","targetHints":{"allow":["GET"]}}],"collection":[{"href":"https:\/\/arrozencaja.com\/tiendas\/colmenar\/wp-json\/wp\/v2\/product"}],"about":[{"href":"https:\/\/arrozencaja.com\/tiendas\/colmenar\/wp-json\/wp\/v2\/types\/product"}],"wp:featuredmedia":[{"embeddable":true,"href":"https:\/\/arrozencaja.com\/tiendas\/colmenar\/wp-json\/wp\/v2\/media\/2775"}],"wp:attachment":[{"href":"https:\/\/arrozencaja.com\/tiendas\/colmenar\/wp-json\/wp\/v2\/media?parent=2774"}],"wp:term":[{"taxonomy":"product_brand","embeddable":true,"href":"https:\/\/arrozencaja.com\/tiendas\/colmenar\/wp-json\/wp\/v2\/product_brand?post=2774"},{"taxonomy":"product_cat","embeddable":true,"href":"https:\/\/arrozencaja.com\/tiendas\/colmenar\/wp-json\/wp\/v2\/product_cat?post=2774"},{"taxonomy":"product_tag","embeddable":true,"href":"https:\/\/arrozencaja.com\/tiendas\/colmenar\/wp-json\/wp\/v2\/product_tag?post=2774"}],"curies":[{"name":"wp","href":"https:\/\/api.w.org\/{rel}","templated":true}]}}